{"id":16736,"date":"2024-07-17T20:38:58","date_gmt":"2024-07-17T23:38:58","guid":{"rendered":"https:\/\/awzorquideas.com.br\/web\/produto\/c-labiata-alba-x-l-pumila-alba\/"},"modified":"2026-02-18T22:24:48","modified_gmt":"2026-02-19T01:24:48","slug":"c-labiata-alba-x-l-pumila-alba","status":"publish","type":"product","link":"https:\/\/awzorquideas.com.br\/web\/produto\/c-labiata-alba-x-l-pumila-alba\/","title":{"rendered":"C. labiata alba x L. pumila alba"},"content":{"rendered":"<p><b>C\u00d3DIGO:<\/b> Z-3390<br \/><b>GRUPO:<\/b> H\u00cdBRIDOS \/ HYBRIDS<br \/><b>VASO \/ POT SIZE:<\/b> 2 1\/2&#8243;<br \/><b>DESCRI\u00c7\u00c3O:<\/b> LC. CORNELIA.   Plantas com pigmenta\u00e7\u00e3o nas folhas.  FLORESCEM &#8220;TIPOS&#8221;.<br \/><b>DESCRIPTION:<\/b> LC. Cornelia.  Plants have pigmentation on the leafs.  BLOOM &#8220;TYPES&#8221;<\/p>\n","protected":false},"excerpt":{"rendered":"<p>C\u00d3DIGO: Z-3390GRUPO: H\u00cdBRIDOS \/ HYBRIDSVASO \/ POT SIZE: 2 1\/2&#8243;DESCRI\u00c7\u00c3O: LC. CORNELIA. Plantas com pigmenta\u00e7\u00e3o nas folhas. FLORESCEM &#8220;TIPOS&#8221;.DESCRIPTION: LC. Cornelia. Plants have pigmentation on the leafs. BLOOM &#8220;TYPES&#8221;<\/p>\n","protected":false},"featured_media":20089,"template":"","meta":[],"product_brand":[1174],"product_cat":[82],"product_tag":[458],"class_list":{"0":"post-16736","1":"product","2":"type-product","3":"status-publish","4":"has-post-thumbnail","6":"product_brand-ed","7":"product_cat-hibridos-hybrids","8":"product_tag-brasil-usa","10":"first","11":"instock","12":"purchasable","13":"product-type-simple"},"_links":{"self":[{"href":"https:\/\/awzorquideas.com.br\/web\/wp-json\/wp\/v2\/product\/16736","targetHints":{"allow":["GET"]}}],"collection":[{"href":"https:\/\/awzorquideas.com.br\/web\/wp-json\/wp\/v2\/product"}],"about":[{"href":"https:\/\/awzorquideas.com.br\/web\/wp-json\/wp\/v2\/types\/product"}],"wp:featuredmedia":[{"embeddable":true,"href":"https:\/\/awzorquideas.com.br\/web\/wp-json\/wp\/v2\/media\/20089"}],"wp:attachment":[{"href":"https:\/\/awzorquideas.com.br\/web\/wp-json\/wp\/v2\/media?parent=16736"}],"wp:term":[{"taxonomy":"product_brand","embeddable":true,"href":"https:\/\/awzorquideas.com.br\/web\/wp-json\/wp\/v2\/product_brand?post=16736"},{"taxonomy":"product_cat","embeddable":true,"href":"https:\/\/awzorquideas.com.br\/web\/wp-json\/wp\/v2\/product_cat?post=16736"},{"taxonomy":"product_tag","embeddable":true,"href":"https:\/\/awzorquideas.com.br\/web\/wp-json\/wp\/v2\/product_tag?post=16736"}],"curies":[{"name":"wp","href":"https:\/\/api.w.org\/{rel}","templated":true}]}}