{"id":17635,"date":"2024-07-17T10:05:23","date_gmt":"2024-07-17T13:05:23","guid":{"rendered":"https:\/\/awzorquideas.com.br\/web\/?post_type=product&#038;p=17635"},"modified":"2026-03-30T11:48:31","modified_gmt":"2026-03-30T14:48:31","slug":"e-hamiltonii-2","status":"publish","type":"product","link":"https:\/\/awzorquideas.com.br\/web\/produto\/e-hamiltonii-2\/","title":{"rendered":"E. hamiltonii"},"content":{"rendered":"<p><b>C\u00d3DIGO:<\/b> Z-3674<br \/><b>GRUPO:<\/b> Encyclia species<br \/><b>VASO \/ POT SIZE:<\/b> 2 1\/2&#8243;<br \/><b>DESCRI\u00c7\u00c3O:<\/b> Bel\u00edssima Encyclia de Cuba.  Muito perfumada.<br \/><b>DESCRIPTION:<\/b><\/p>\n","protected":false},"excerpt":{"rendered":"<p>C\u00d3DIGO: Z-3674GRUPO: Encyclia speciesVASO \/ POT SIZE: 2 1\/2&#8243;DESCRI\u00c7\u00c3O: Bel\u00edssima Encyclia de Cuba. Muito perfumada.DESCRIPTION:<\/p>\n","protected":false},"featured_media":19513,"template":"","meta":[],"product_brand":[1172],"product_cat":[91],"product_tag":[458],"class_list":{"0":"post-17635","1":"product","2":"type-product","3":"status-publish","4":"has-post-thumbnail","6":"product_brand-mv","7":"product_cat-encyclia-species","8":"product_tag-brasil-usa","10":"first","11":"instock","12":"purchasable","13":"product-type-simple"},"_links":{"self":[{"href":"https:\/\/awzorquideas.com.br\/web\/wp-json\/wp\/v2\/product\/17635","targetHints":{"allow":["GET"]}}],"collection":[{"href":"https:\/\/awzorquideas.com.br\/web\/wp-json\/wp\/v2\/product"}],"about":[{"href":"https:\/\/awzorquideas.com.br\/web\/wp-json\/wp\/v2\/types\/product"}],"wp:featuredmedia":[{"embeddable":true,"href":"https:\/\/awzorquideas.com.br\/web\/wp-json\/wp\/v2\/media\/19513"}],"wp:attachment":[{"href":"https:\/\/awzorquideas.com.br\/web\/wp-json\/wp\/v2\/media?parent=17635"}],"wp:term":[{"taxonomy":"product_brand","embeddable":true,"href":"https:\/\/awzorquideas.com.br\/web\/wp-json\/wp\/v2\/product_brand?post=17635"},{"taxonomy":"product_cat","embeddable":true,"href":"https:\/\/awzorquideas.com.br\/web\/wp-json\/wp\/v2\/product_cat?post=17635"},{"taxonomy":"product_tag","embeddable":true,"href":"https:\/\/awzorquideas.com.br\/web\/wp-json\/wp\/v2\/product_tag?post=17635"}],"curies":[{"name":"wp","href":"https:\/\/api.w.org\/{rel}","templated":true}]}}