{"id":18855,"date":"2024-07-17T20:38:09","date_gmt":"2024-07-17T23:38:09","guid":{"rendered":"https:\/\/awzorquideas.com.br\/web\/produto\/c-lueddemanniana-pinky-x-rubra-gesia\/"},"modified":"2025-11-25T04:21:51","modified_gmt":"2025-11-25T07:21:51","slug":"c-lueddemanniana-pinky-x-rubra-gesia","status":"publish","type":"product","link":"https:\/\/awzorquideas.com.br\/web\/produto\/c-lueddemanniana-pinky-x-rubra-gesia\/","title":{"rendered":"C. lueddemanniana (&#8216;Pinky&#8217; x rubra &#8216;Gesia&#8217;)"},"content":{"rendered":"<p><b>C\u00d3DIGO:<\/b> Z-790<br \/><b>GRUPO:<\/b> C. lueddemanniana<br \/><b>VASO \/ POT SIZE:<\/b> NBS &#8211; BS<br \/><b>DESCRI\u00c7\u00c3O:<\/b> Cruzamento de duas plantas de flores escuras e \u00f3timas formas.<br \/><b>DESCRIPTION:<\/b> Most plants already bloomed. Both parents have very dark flowers, with also excellent shapes.<\/p>\n","protected":false},"excerpt":{"rendered":"<p>C\u00d3DIGO: Z-790GRUPO: C. lueddemannianaVASO \/ POT SIZE: NBS &#8211; BSDESCRI\u00c7\u00c3O: Cruzamento de duas plantas de flores escuras e \u00f3timas formas.DESCRIPTION: Most plants already bloomed. Both parents have very dark flowers, with also excellent shapes.<\/p>\n","protected":false},"featured_media":20101,"template":"","meta":[],"product_brand":[1172],"product_cat":[68],"product_tag":[458],"class_list":{"0":"post-18855","1":"product","2":"type-product","3":"status-publish","4":"has-post-thumbnail","6":"product_brand-mv","7":"product_cat-c-lueddemanniana","8":"product_tag-brasil-usa","10":"first","11":"instock","12":"purchasable","13":"product-type-simple"},"_links":{"self":[{"href":"https:\/\/awzorquideas.com.br\/web\/wp-json\/wp\/v2\/product\/18855","targetHints":{"allow":["GET"]}}],"collection":[{"href":"https:\/\/awzorquideas.com.br\/web\/wp-json\/wp\/v2\/product"}],"about":[{"href":"https:\/\/awzorquideas.com.br\/web\/wp-json\/wp\/v2\/types\/product"}],"wp:featuredmedia":[{"embeddable":true,"href":"https:\/\/awzorquideas.com.br\/web\/wp-json\/wp\/v2\/media\/20101"}],"wp:attachment":[{"href":"https:\/\/awzorquideas.com.br\/web\/wp-json\/wp\/v2\/media?parent=18855"}],"wp:term":[{"taxonomy":"product_brand","embeddable":true,"href":"https:\/\/awzorquideas.com.br\/web\/wp-json\/wp\/v2\/product_brand?post=18855"},{"taxonomy":"product_cat","embeddable":true,"href":"https:\/\/awzorquideas.com.br\/web\/wp-json\/wp\/v2\/product_cat?post=18855"},{"taxonomy":"product_tag","embeddable":true,"href":"https:\/\/awzorquideas.com.br\/web\/wp-json\/wp\/v2\/product_tag?post=18855"}],"curies":[{"name":"wp","href":"https:\/\/api.w.org\/{rel}","templated":true}]}}