{"id":18897,"date":"2024-07-17T20:38:18","date_gmt":"2024-07-17T23:38:18","guid":{"rendered":"https:\/\/awzorquideas.com.br\/web\/produto\/l-praestans-rosada-2\/"},"modified":"2026-03-06T12:32:33","modified_gmt":"2026-03-06T15:32:33","slug":"l-praestans-rosada-2","status":"publish","type":"product","link":"https:\/\/awzorquideas.com.br\/web\/produto\/l-praestans-rosada-2\/","title":{"rendered":"L. praestans rosada"},"content":{"rendered":"<p><b>C\u00d3DIGO:<\/b> Z-2568<br \/><b>GRUPO:<\/b> L. praestans<br \/><b>VASO \/ POT SIZE:<\/b> 2 1\/2&#8243; (NBS)<br \/><b>DESCRI\u00c7\u00c3O:<\/b> Florecem com colora\u00e7\u00e3o clara (rosada).<br \/><b>DESCRIPTION:<\/b> Plants are blooming with light purple tones.<\/p>\n","protected":false},"excerpt":{"rendered":"<p>C\u00d3DIGO: Z-2568GRUPO: L. praestansVASO \/ POT SIZE: 2 1\/2&#8243; (NBS)DESCRI\u00c7\u00c3O: Florecem com colora\u00e7\u00e3o clara (rosada).DESCRIPTION: Plants are blooming with light purple tones.<\/p>\n","protected":false},"featured_media":20135,"template":"","meta":[],"product_brand":[1172],"product_cat":[78],"product_tag":[458],"class_list":{"0":"post-18897","1":"product","2":"type-product","3":"status-publish","4":"has-post-thumbnail","6":"product_brand-mv","7":"product_cat-l-praestans","8":"product_tag-brasil-usa","10":"first","11":"instock","12":"purchasable","13":"product-type-simple"},"_links":{"self":[{"href":"https:\/\/awzorquideas.com.br\/web\/wp-json\/wp\/v2\/product\/18897","targetHints":{"allow":["GET"]}}],"collection":[{"href":"https:\/\/awzorquideas.com.br\/web\/wp-json\/wp\/v2\/product"}],"about":[{"href":"https:\/\/awzorquideas.com.br\/web\/wp-json\/wp\/v2\/types\/product"}],"wp:featuredmedia":[{"embeddable":true,"href":"https:\/\/awzorquideas.com.br\/web\/wp-json\/wp\/v2\/media\/20135"}],"wp:attachment":[{"href":"https:\/\/awzorquideas.com.br\/web\/wp-json\/wp\/v2\/media?parent=18897"}],"wp:term":[{"taxonomy":"product_brand","embeddable":true,"href":"https:\/\/awzorquideas.com.br\/web\/wp-json\/wp\/v2\/product_brand?post=18897"},{"taxonomy":"product_cat","embeddable":true,"href":"https:\/\/awzorquideas.com.br\/web\/wp-json\/wp\/v2\/product_cat?post=18897"},{"taxonomy":"product_tag","embeddable":true,"href":"https:\/\/awzorquideas.com.br\/web\/wp-json\/wp\/v2\/product_tag?post=18897"}],"curies":[{"name":"wp","href":"https:\/\/api.w.org\/{rel}","templated":true}]}}