{"id":18956,"date":"2024-07-17T20:38:18","date_gmt":"2024-07-17T23:38:18","guid":{"rendered":"https:\/\/awzorquideas.com.br\/web\/produto\/c-patini-1-x-2-c-deckeri\/"},"modified":"2026-02-18T22:24:01","modified_gmt":"2026-02-19T01:24:01","slug":"c-patini-1-x-2","status":"publish","type":"product","link":"https:\/\/awzorquideas.com.br\/web\/produto\/c-patini-1-x-2\/","title":{"rendered":"C. patini (1) x (2)"},"content":{"rendered":"<p><b>C\u00d3DIGO:<\/b> Z-2283<br \/><b>GRUPO:<\/b> C. deckeri<br \/><b>VASO \/ POT SIZE:<\/b> 2 1\/2&#8243; &#8211; 3&#8243;<br \/><b>DESCRI\u00c7\u00c3O:<\/b> Sin\u00f4nimo: C. hennisiana ou Guarianthe hennisiana.  A C. patini \u00e9 pouco conhecida, sendo origin\u00e1ria da Costa Rica, Panam\u00e1, Col\u00f4mbia e Venezuela.  As flores parecem com as da C. bowringiana, entretanto as plantas possuem menor porte.  Gostam de clima quente e \u00famido.\u00a0<br \/><b>DESCRIPTION:<\/b> Also known as C. hennisiana or Guarianthe hennisiana.<\/p>\n","protected":false},"excerpt":{"rendered":"<p>C\u00d3DIGO: Z-2283GRUPO: C. deckeriVASO \/ POT SIZE: 2 1\/2&#8243; &#8211; 3&#8243;DESCRI\u00c7\u00c3O: Sin\u00f4nimo: C. hennisiana ou Guarianthe hennisiana. A C. patini \u00e9 pouco conhecida, sendo origin\u00e1ria da Costa Rica, Panam\u00e1, Col\u00f4mbia e Venezuela. As flores parecem com as da C. bowringiana, entretanto as plantas possuem menor porte. Gostam de clima quente e \u00famido.\u00a0DESCRIPTION: Also known as [&#8230;]\n","protected":false},"featured_media":20186,"template":"","meta":[],"product_brand":[1172],"product_cat":[140],"product_tag":[458],"class_list":{"0":"post-18956","1":"product","2":"type-product","3":"status-publish","4":"has-post-thumbnail","6":"product_brand-mv","7":"product_cat-c-deckeri","8":"product_tag-brasil-usa","10":"first","11":"instock","12":"purchasable","13":"product-type-simple"},"_links":{"self":[{"href":"https:\/\/awzorquideas.com.br\/web\/wp-json\/wp\/v2\/product\/18956","targetHints":{"allow":["GET"]}}],"collection":[{"href":"https:\/\/awzorquideas.com.br\/web\/wp-json\/wp\/v2\/product"}],"about":[{"href":"https:\/\/awzorquideas.com.br\/web\/wp-json\/wp\/v2\/types\/product"}],"wp:featuredmedia":[{"embeddable":true,"href":"https:\/\/awzorquideas.com.br\/web\/wp-json\/wp\/v2\/media\/20186"}],"wp:attachment":[{"href":"https:\/\/awzorquideas.com.br\/web\/wp-json\/wp\/v2\/media?parent=18956"}],"wp:term":[{"taxonomy":"product_brand","embeddable":true,"href":"https:\/\/awzorquideas.com.br\/web\/wp-json\/wp\/v2\/product_brand?post=18956"},{"taxonomy":"product_cat","embeddable":true,"href":"https:\/\/awzorquideas.com.br\/web\/wp-json\/wp\/v2\/product_cat?post=18956"},{"taxonomy":"product_tag","embeddable":true,"href":"https:\/\/awzorquideas.com.br\/web\/wp-json\/wp\/v2\/product_tag?post=18956"}],"curies":[{"name":"wp","href":"https:\/\/api.w.org\/{rel}","templated":true}]}}