{"id":19785,"date":"2023-02-17T16:49:28","date_gmt":"2023-02-17T19:49:28","guid":{"rendered":"https:\/\/awzorquideas.com.br\/web\/produto\/c-walkeriana-alba-1506\/"},"modified":"2025-03-01T21:27:12","modified_gmt":"2025-03-02T00:27:12","slug":"c-walkeriana-alba-1506","status":"publish","type":"product","link":"https:\/\/awzorquideas.com.br\/web\/produto\/c-walkeriana-alba-1506\/","title":{"rendered":"C. walkeriana alba &#8216;1506&#8217;"},"content":{"rendered":"<p><b>C\u00d3DIGO:<\/b> A-1725 (v)<br \/><b>GRUPO:<\/b> C. walkeriana<br \/><b>VASO \/ POT SIZE:<\/b> BS<br \/><b>DESCRI\u00c7\u00c3O:<\/b> <br \/><b>DESCRIPTION:<\/b> C. walkeriana [(amoena &#8216;S\u00e3o Francisco&#8217; x alba &#8216;Malheiros&#8217;) x alba &#8216;Seio de Minas&#8217;]    Qty: Bulbs with leafs: 4<\/p>\n","protected":false},"excerpt":{"rendered":"<p>C\u00d3DIGO: A-1725 (v)GRUPO: C. walkerianaVASO \/ POT SIZE: BSDESCRI\u00c7\u00c3O: DESCRIPTION: C. walkeriana [(amoena &#8216;S\u00e3o Francisco&#8217; x alba &#8216;Malheiros&#8217;) x alba &#8216;Seio de Minas&#8217;] Qty: Bulbs with leafs: 4<\/p>\n","protected":false},"featured_media":0,"template":"","meta":[],"product_brand":[],"product_cat":[1159],"product_tag":[366],"class_list":{"0":"post-19785","1":"product","2":"type-product","3":"status-publish","5":"product_cat-c-walkerianaespecial","6":"product_tag-especial-usa","8":"first","9":"outofstock","10":"product-type-simple"},"_links":{"self":[{"href":"https:\/\/awzorquideas.com.br\/web\/wp-json\/wp\/v2\/product\/19785","targetHints":{"allow":["GET"]}}],"collection":[{"href":"https:\/\/awzorquideas.com.br\/web\/wp-json\/wp\/v2\/product"}],"about":[{"href":"https:\/\/awzorquideas.com.br\/web\/wp-json\/wp\/v2\/types\/product"}],"wp:attachment":[{"href":"https:\/\/awzorquideas.com.br\/web\/wp-json\/wp\/v2\/media?parent=19785"}],"wp:term":[{"taxonomy":"product_brand","embeddable":true,"href":"https:\/\/awzorquideas.com.br\/web\/wp-json\/wp\/v2\/product_brand?post=19785"},{"taxonomy":"product_cat","embeddable":true,"href":"https:\/\/awzorquideas.com.br\/web\/wp-json\/wp\/v2\/product_cat?post=19785"},{"taxonomy":"product_tag","embeddable":true,"href":"https:\/\/awzorquideas.com.br\/web\/wp-json\/wp\/v2\/product_tag?post=19785"}],"curies":[{"name":"wp","href":"https:\/\/api.w.org\/{rel}","templated":true}]}}